 - 20. Let o(p) = -3*p - 3. Let d(w) = -l(w) + 2*o(w). Calculate d(1).
-2
Let k = 4824 - 4831. Let l(g) = g**2 + 9*g - 11. What is l(k)?
-25
Suppose -9*w = -2*w - 42. Let f(j) = j**3 - 4*j - 13 + w + 10 - 2*j**3 - 7*j**2 + 7. Give f(-6).
-2
Let y be ((-37)/111)/(-1 - 8/(-9)). Let x(k) = 0 + k**y - 7*k**2 + 3*k + 8 + 3*k. Let l(h) = -h + 12. Let v be l(6). What is x(v)?
8
Let p = -54 + 57. Let t = -103 - -105. Let s(b) = -2 - 23*b**3 + t*b + 19*b**3 + p. What is s(-1)?
3
Let u(g) = -8*g**2 + 12*g - 3. Let r(o) = 3*o**2 - 5*o + 1. Suppose -15*q + 22 = -8. Let y(w) = q*u(w) + 5*r(w). Calculate y(-4).
-13
Suppose -2*r - 8 = -4*s, 5*s + 263*r - 259*r = 23. Let t(d) be the second derivative of -3/2*d**2 + 0 - 24*d + 1/2*d**s. Determine t(-6).
-21
Suppose l + 117 - 125 = -5*c, -5*l - 71 = -12*c. Let s(b) be the first derivative of 1/4*b**4 + 8/3*b**3 - 1 + 4*b**2 + 6*b. Determine s(l).
-1
Let z(h) = -h - 16. Suppose 4945 = -3*i + 4954. Determine z(i).
-19
Let j = 69 + -50. Suppose j*p - 33 = -166. Let t(r) = r + 8. Give t(p).
1
Suppose 0 = 3*r - 4*j, 2*r - 5*j + 13 = 6. Let v(n) = -r*n**2 + 4 + 224*n**3 + 9*n - 1 - 225*n**3. Determine v(-6).
21
Let y be (-138)/((-95)/(-133) - 141/21). Let l(i) = 6*i**2 - 137*i - 23. What is l(y)?
0
Let l(y) = -7*y**2 - 4*y - 2. Let k(d) = -20*d**2 - 12*d - 6. Suppose -4*g - 14 = -2*r - 22, -g = 4*r + 25. Let c(t) = r*k(t) + 17*l(t). Give c(-7).
23
Let c(z) = -4*z**2 + 100*z + 64. Let i(m) = -m**2 + 25*m + 17. Let y(w) = -6*c(w) + 23*i(w). Determine y(25).
7
Let u(h) = -h**3 + 8*h**2 - 3*h + 6. Suppose -188 = 2*p + 4*f, -p + f - 91 = 4*f. Let r = p + 103. Suppose -r = -2*c + 13. What is u(c)?
-18
Let r(d) = -d**3 + 3*d - 4. Let o(z) = -z**2 - 21*z + 159. Suppose -56 = 3*f + 5*q, -4*f = -9*f - 3*q - 120. Let m be o(f). Determine r(m).
14
Let x = 3064 + -3061. Let m(r) = 3*r - 6. Calculate m(x).
3
Let j(n) = -5*n**3 - 5*n**2 - 6*n + 6. Suppose 9*s - 7*s = -12. Let f(h) = -h**3 - h**2 - h + 1. Let q(w) = s*f(w) + j(w). Suppose 3*x = -x + 4. Calculate q(x).
2
Let n(y) = -y**2 + y - 1. Let c(g) = g**2 + 2*g - 6. Let d be c(3). Let z = 14 - d. Suppose -z*u - 7 = -27. What is n(u)?
-13
Let x(u) = u - 49 + 47 + u - 3*u. Let h(i) = i**2 - 12*i + 23. Let r be h(12). Suppose -13 - r = 4*q. Calculate x(q).
7
Let c(z) be the second derivative of -z**4/12 - 2*z**3/3 - 2*z**2 - 172*z. Let u be 19/(-4) + (-210)/(-120). Calculate c(u).
-1
Let a be 1 - 55/(-5) - 9. Let c(j) = -2*j**2 - a*j + 7*j**2 + 4*j - 50 + j**3 + 2*j**3 + 48. Determine c(-3).
-41
Let l(o) = -o**3 - 6*o**2 - 6*o + 9. Let r = -5698 - -5694. Calculate l(r).
1
Let k = 5988 - 6002. Let h(z) = 6*z + 70. What is h(k)?
-14
Let l(x) = 7*x**3 + 13*x**2 - 5*x + 1. Let d(s) = 13*s**3 + 25*s**2 - 9*s + 3. Let q(r) = -6*d(r) + 11*l(r). Suppose 0 = -161*h + 259*h + 686. Determine q(h).
0
Let f(t) = -10*t - 160. Let s be f(-18). Let i(g) = -15 - 4 - g + s. Suppose 0*c + 24 = -4*c. Calculate i(c).
7
Let v(g) be the second derivative of -g**3/6 + 3*g**2 - 2*g. Let q be 8/(-1) - (5 - (-7)/(-1)). Determine v(q).
12
Let l = 67 - 127. Let k be (10/(-8))/(15/l). Let s(w) = 3 + 4 - w**3 + 4 + 2*w - 9 + 5*w**2 + 3. Calculate s(k).
15
Let v = -4121 - -4120. Let z(x) = -3*x**3 - 2*x**2 - 2*x - 1. Determine z(v).
2
Let d(y) = -32*y**3 + y**2 + 7*y. Let n(z) be the third derivative of -21*z**6/40 + z**5/30 + 2*z**4/3 + 82*z**2. Let g(b) = 7*d(b) - 3*n(b). What is g(-1)?
35
Let w = 1 - 0. Suppose 35*r - 156 = 9*r. Let y(z) = -91 + 3*z + 90 - r*z - 14*z. Determine y(w).
-18
Let g(z) = -z**2 - z + 29. Let n(t) = 3*t**3 - 30*t**2 - 2*t - 66. Let d be n(10). Let y = d - -80. What is g(y)?
-1
Let j(b) = b**3 + 7*b**2 + 5*b - 3. Let t = -3 - -7. Suppose -9*s = -t*s - 50. Let z be (-32)/6 - (-1 - s/(-6)). What is j(z)?
3
Let o = 263 + -281. Let x(j) = 2*j**2 + 34*j - 47. Let p be x(o). Let c(m) = -m**3 - 10*m**2 + 10*m - 13. Determine c(p).
-2
Let g(n) = -36*n + 32. Let p(b) = -133*b + 95. Let z(k) = -7*g(k) + 2*p(k). What is z(-2)?
-6
Let y(o) = -16*o + 2. Suppose -2*l - 2 = -4. Let b be y(l). Let t(v) = v + 19. Let m be t(b). Let w(c) = -3*c + 5. What is w(m)?
-10
Let b(z) = -z**3 - 13*z**2 - 14*z + 5. Suppose 5*k + 65 = 2*p, k = 2*p - 853 + 832. What is b(k)?
-83
Let n(d) = -2*d**3 - 10*d**2 + 29*d - 1. Let j(y) = 5*y**3 + 32*y**2 - 87*y + 2. Let h(z) = 3*j(z) + 8*n(z). Let c be h(14). Let u(a) = a - 3. Give u(c).
-19
Let i(d) = -d**2 - 178*d + 179. Let u be i(1). Let z(b) = b**2 + 7*b - 48. What is z(u)?
-48
Suppose 4*s - 25 = -5. Let u(q) = 15*q**2 - 4*q - 14*q**2 - 2 - 2*q. Give u(s).
-7
Let n be (2 - -26)/4*1 - -6. Let y(k) = -n*k + 17*k - 13*k + 9*k**3 - k**2 + 8*k + 0*k**3. Calculate y(-1).
-9
Suppose 0*y - 5*s - 30 = -2*y, -s + 11 = 3*y. Let o(g) = -3*g + y*g - 1 - 1 - 2. Let u = -18 - -11. Calculate o(u).
-18
Let f(d) be the first derivative of d**4/4 - 14*d**3/3 + 15*d**2/2 - 11*d - 4218. Calculate f(13).
15
Let w(x) = 3*x**2 - 22*x + 3. Let h(q) = 3 + 1 - 2 - 15*q - 1 + 1 + 2*q**2. Let j(y) = 7*h(y) - 5*w(y). Calculate j(4).
3
Let v(k) = k**3 + 5*k**2 - 9*k - 4. Let f(n) = -n**3 - 139*n**2 - 23*n - 3204. Let s be f(-139). What is v(s)?
-39
Let l(b) = -2*b + 4. Let f(k) = -k + 3. Let g(v) = v**3 + 8*v**2 + 5*v - 7. Let n be g(-6). Suppose 0 = -6*d + n - 5. Let w(m) = d*l(m) - 6*f(m). What is w(2)?
-6
Let v = 10160 + -10166. Let b(n) = -n**2 - 9*n - 28. Give b(v).
-10
Let d(a) be the third derivative of a**5/60 - a**4/12 - a**3/6 - a**2. Suppose -4 - 10 = -7*s. Let x(i) = -i. Let f be x(s). Determine d(f).
7
Let g(i) = 1 + 7 - i**2 + 23 + 597*i - 601*i. Determine g(-5).
26
Let b = -33 - -43. Let m(q) be the first derivative of -q**3/3 + 11*q**2/2 - 979. What is m(b)?
10
Suppose d + 5*i = 107, 0 = -d + 5*i + 12 + 45. Let o = d - 88. Let u(b) = -2*b**2 - 14*b - 8. Determine u(o).
4
Let y be (-756)/(-270)*(7/35 + 43/35). Let i(s) = 50*s - 198. Determine i(y).
2
Let c(w) = 3*w. Let j(o) = -11*o - 7. Suppose 7*f = 27*f + 80. Let a(i) = f*c(i) - j(i). Give a(-12).
19
Let h(q) = -q**3 - 27*q**2 + 27*q - 30. Let p be h(-28). Let l be 24/60 - (p + 124/10). Let c(n) = n**2 + 10*n. Give c(l).
0
Let q(f) = -6*f + 33. Let i be -4 + (528/(-4))/(-11). Give q(i).
-15
Let o(l) = l**3 + 4*l**2 - l - 3. Let g(r) = 5*r - 2. Let x be g(1). Suppose -3*f = -x*a + 69, 3*f + a + 55 = -34. Let m = 24 + f. What is o(m)?
1
Let m(f) = -f**3 + 7*f**2 - 2*f + 16. Let u be m(7). Let b(p) = 4*p + 0*p + p + 13*p**u - 4*p. What is b(-1)?
12
Let w = -69 + 75. Suppose -w*d + 78 - 66 = 0. Let x(k) = -5*k + 2. Give x(d).
-8
Let h(c) = 79*c - 24. Let p(f) = 58*f - 12. Let g(n) = 5*h(n) - 7*p(n). Calculate g(11).
-157
Let w = 2040 - 2043. Let u(f) = 8*f. Determine u(w).
-24
Suppose 59*c + 53 = 58*c + 5*p, 4*p + 92 = -4*c. Let q(o) = -2*o**3 - 55*o**2 + 28*o - 8. Give q(c).
-8
Let k(f) be the first derivative of -f**4/4 + f**3 + 2*f - 1064. Suppose 2*j - 2 - 3 = n, 0 = -5*j + 20. Give k(n).
2
Suppose 3*j - 41 + 23 = 0. Let i(b) = j*b - 15 - 9*b - 10 + 32 - 11. Let a = 10 - 7. Give i(a).
-13
Let c(s) = -17*s - 153. Let b = -17505 + 17495. Calculate c(b).
17
Let l(m) = m**3 + 19*m**2 - 24*m - 69. Let i(w) = 37*w + 4753. Let x be i(-129). Give l(x).
11
Suppose 70*v + 660 = 15*v. Let n(q) be the second derivative of q**5/20 + 13*q**4/12 + 13*q**3/6 + 5*q**2 + 23*q. Calculate n(v).
-2
Suppose 4*c - 18 = 50. Let f be c/((-17)/(-6)) - 3. Let p(b) = -6*b + 3. What is p(f)?
-15
Let k(a) be the second derivative of -a**5/20 - 3*a**4/2 - 10*a**3/3 - 9*a**2/2 - 12*a. Let i be k(-17). Let y(v) = -i - v + 42. Calculate y(-6).
6
Let f(k) = 3*k + 1. Let o(a) = 21*a**2 - 22*a - 6. Let j(i) = 7*f(i) + o(i). Let c = 4 - 8. Let w be 2*(16/c)/(-8). Determine j(w).
21
Let n(d) = -d - 17. Let t be n(-8). Let l(w) = -10249 - w + 20494 - 10246 - w. Give l(t).
17
Let c(w) = -2*w**3 - 11*w**2 + 57*w + 309. Let o be c(-6). Let b be (-2)/2 + (-12)/(-4). Let s(p) = 0 - p**3 - b + 2*p**3 - 3*p. Calculate s(o).
16
Let b = 3472 + -3466. Let n(d) = 115 + 10*d - 8*d**2 - 225 + 0*d**2 + d**3 + 108. What is n(b)?
-14
Suppose 2*s - 3*h - 46 = 149, 3*h = 4*s - 399. Let j = s - 116. Let p(i) = i**3 + 14*i**2 - i - 16. What is p(j)?
-2
Let m = 12263 + -12277. Let z(q) = -13*q - q**2 + 2 + 3 + 4. Determine z(m).
-5
Let d(k) = 4*k**2 + 58*k + 186. Let x be d(-10). Let